hat is the units digit of ((-13)/(13/24))/((-6)/69)?
6
Let u be 8/(-60) - 62/(-15). Let m be -4 + 4/u - -4. What is the units digit of 12/(-9)*m*-3?
4
Suppose 5*x = -m + 18375, x - 1790 - 1885 = -3*m. What is the thousands digit of x?
3
Suppose -3*s = v - 3209, 6762 = -4*v + 4*s + 19566. What is the tens digit of v?
0
Suppose -3*b - 5*b = 24. Let v = 63 - b. What is the tens digit of v?
6
Suppose -3*h - 7*y + 2*y - 36 = 0, -48 = 3*h + y. Let z(f) = -f + 36. What is the tens digit of z(h)?
5
Suppose -600 = -181*a + 177*a. What is the hundreds digit of a?
1
Let l(f) = -f**2 + 2*f - f + 4 + 5 - 8. Let z be l(3). What is the units digit of z/((-5)/32) + 0?
2
Suppose 0 = -8*p - 119 - 73. What is the units digit of (-1562)/(-14) - p/56?
2
Suppose -5*x = -5*m + 4*m - 91, 2*m + 20 = x. Let u be (-1)/(4 + (-69)/x). Let t(n) = -n**3 - 5*n**2 + 5. What is the units digit of t(u)?
1
Let x(m) = -m**3 - 17*m**2 + 28*m - 47. Let v be x(-20). Let h = v + -397. What is the tens digit of h?
9
What is the hundreds digit of ((-15645)/63)/(2/(-6))?
7
Suppose 12*a - 14*a + 44 = 0. Let t(f) = 1 - f + 2*f + a*f + 0. What is the tens digit of t(1)?
2
Let y(o) = -o**3 - 2*o + 27. Suppose 3*l = -30 - 15. Let c = l + 15. What is the tens digit of y(c)?
2
Let f(n) = n**2. Let g(c) = -5*c - 3*c**2 + 3*c - 2 - 6*c + 2*c. Let r(j) = -f(j) - g(j). What is the tens digit of r(-4)?
1
Suppose 24*i - 25772 = 20*i - 4*n, 2*i + 3*n - 12891 = 0. What is the thousands digit of i?
6
Suppose -9 = -4*k + 35. Suppose 9 = -2*j + k. What is the units digit of j?
1
Let n be ((-18)/(-8))/(954/(-240) + 4). Let f = 111 + n. What is the units digit of f?
1
Suppose -3*p - 12 = -5*n, -3*p = -n + p + 16. Suppose n = 4*y - 3*o - 733, 5*o - 528 = -3*y - 0*o. What is the units digit of y?
1
Let d be -8*(-4)/(-8) + 8. Suppose -q = -5*b + 188, -d*b + 2*q - 7*q + 162 = 0. What is the units digit of b?
8
Let s be (-114)/(-22) - 60/330. Suppose -s*m = -5, -m - 619 = -3*x + 115. What is the hundreds digit of x?
2
Let z be (-5 - -4 - 1) + 14. What is the tens digit of 9/12 - (-1467)/z?
2
Suppose 5*q = -5*p + 645, p - 2 = 3*p. Let t = q - 82. What is the units digit of t?
8
Let m be (0 + 0)/(-6 + 7) - -2. Suppose -3*i = -4*i - x + 59, m*i - 118 = 5*x. What is the units digit of i?
9
Let n(g) = -2*g**2 + 18*g - 12. Let w be n(8). Suppose -w*v = -3*m + 2*m - 108, 3*m = 5*v - 135. What is the tens digit of v?
2
Suppose 38 + 58 = 2*o. Let g = 21 + -21. Suppose 2*q + 2 - o = g. What is the tens digit of q?
2
Suppose -9*r = -3*r - 108. Suppose -o = o - r. What is the units digit of o?
9
Suppose -1 = g + n - 2, -4*n = -4*g - 12. Let h(y) = 11*y**3 - 2*y - 1. Let u be h(g). Let o = 16 + u. What is the units digit of o?
6
Let l = -808 - -2223. What is the units digit of l?
5
Let j be (41/(-13) - -3) + 158/13. What is the hundreds digit of 1/2 - (-3678)/j?
3
Let g(a) = 88*a - 14. Let n be g(4). Suppose 0 = -2*d - 4*v + 226, -9*v + 4*v = 3*d - n. What is the units digit of d?
1
Suppose -8*h - b = -12*h + 3582, 2*h - 1792 = b. What is the units digit of h?
5
Let t be -3*(-1 + (-20)/(-3)). Let p = -1 - t. What is the units digit of p?
6
Suppose -3*k + 5*v = 2331 - 8106, 3*k - 5775 = v. What is the tens digit of k?
2
Let t = -8018 - -11936. What is the tens digit of t?
1
Let p = 1642 + 288. What is the tens digit of p?
3
Let m = 180 + -14. What is the tens digit of m?
6
Suppose 0*x + x + o = 25, -x = -5*o - 37. Suppose 2*c + 60 = 7*c. Suppose c*q - x = 11*q. What is the units digit of q?
7
Let z(w) = 623*w**2 - 9*w - 8. What is the tens digit of z(-1)?
2
Suppose -13*q = -10*q - 15, 5*q - 7665 = -4*z. What is the thousands digit of z?
1
Let p = 1213 + -816. Suppose 4*r - 181 - p = -d, 0 = -5*d + 10. What is the tens digit of r?
4
Let b(x) = -x**3 + 10*x**2 + 5*x + 7. Let y be b(9). Suppose -4*z = -4*m + 124, 5*z = 2*m - 6*m + y. What is the units digit of m?
2
Let d be 36/8 + 1/(-2). Suppose w - 2*v = 2*v + 110, -d*w - 4*v + 480 = 0. Suppose 0 = -s + 4*o + 51, -5*o - w = -2*s - o. What is the tens digit of s?
6
Suppose 165 = 2*g + w, 0 = -3*g + 4*w + 204 + 38. Let l = -32 + g. What is the tens digit of l?
5
Let k(x) = x**2 - 7*x + 5. Let u be (-2)/1 - -9*1. Let r be k(u). Let l(h) = 3*h - 1. What is the units digit of l(r)?
4
Suppose -2*v = -4 - 2. Let j = v - -3. Suppose 4*f = q - j, -3*q + 0*q + 62 = -f. What is the units digit of q?
2
Suppose 0 = -4*h - u + 3701 + 7196, 0 = 3*h + 5*u - 8160. What is the tens digit of h?
2
Let g(t) = -t**3 + 9*t**2 + t - 9. Let y be g(9). Suppose -4*v + 513 + 215 = y. What is the units digit of v?
2
Let f be (-2 - 225/12)*(-1 - -5). Let k be (-116)/(-3 + 2) - -3. Let b = k + f. What is the tens digit of b?
3
Suppose 4*s - 4944 = -2*k + 5*s, 0 = -2*s - 8. What is the hundreds digit of k?
4
Let j(z) be the second derivative of -2*z**3/3 - 7*z**2/2 + z. Let q = -220 - -217. What is the units digit of j(q)?
5
Let q be (6/9)/(5/(-120)). Let b = q - -55. What is the units digit of b?
9
Suppose -2*k = -3*k + 30. Let u(w) = 6*w**2 + w**3 + k - 8 - 17. What is the units digit of u(-5)?
0
Let w(f) = -78*f - 32. What is the hundreds digit of w(-3)?
2
Let z(t) = -11*t**2 + 87*t - 14. What is the tens digit of z(5)?
4
Suppose 3*b = 3*u + 162, 0*b + 195 = -4*u - 3*b. Let n = u - -138. What is the tens digit of n?
8
Suppose -4*k + 9*k - 13180 = 0. What is the thousands digit of k?
2
Let n(o) = -5*o**2 + 17*o - 18. Let h(d) = 11*d**2 - 34*d + 36. Let s(b) = 4*h(b) + 9*n(b). What is the tens digit of s(8)?
5
Suppose 0*b = 3*b + 5*o - 40, 0 = b + 4*o - 11. Suppose 3*z - 2*u - 157 = 0, b = z + 5*u - 26. What is the units digit of z?
1
Let j(a) = -a**2 - 8*a + 7. Let g be j(-8). Suppose 0 = g*o + o - 320. What is the units digit of o - (0 + (4 - 1))?
7
Let q be 55/(1 - 3/6). Let j = q - 4. What is the units digit of j?
6
Let f(v) be the second derivative of -41*v**3/6 - 8*v**2 + 33*v. What is the tens digit of f(-2)?
6
Let a(v) = v + 1. Let u(j) = -2*j - 17. Let b(f) = 22*a(f) + 2*u(f). Let y(q) = q**2 - 136*q - 412. Let t be y(-3). What is the tens digit of b(t)?
7
Suppose 0 = -3*i - 5*o + 71 - 13, o = 2*i - 30. What is the units digit of 114 - (-7 - i/(-4))?
7
Let f(l) = 7*l**3 - 12*l**2 + 4*l - 13. What is the tens digit of f(5)?
8
Let k(h) = -h. Let s(c) = 24*c - 2. Let p(d) = -6*k(d) - s(d). Let t be p(-3). Suppose -b + x = 4*x - 32, -x = -3*b + t. What is the units digit of b?
0
Let o = 3071 - -520. What is the hundreds digit of o?
5
Suppose -7*f = -4*v - 6*f + 8838, -f = 2. What is the thousands digit of v?
2
Suppose 3*t + 4*t = 4*t. Suppose t = -4*i + 209 + 15. What is the tens digit of i?
5
Let m = -3 + 0. Let l(k) = -k**3 - 2*k**2 + 2*k - 1. Let b be l(1). What is the tens digit of b - (-14 - (m + 2))?
1
Suppose -215 = 4*q - 2023. What is the hundreds digit of q?
4
Let u be -4 - (-40)/(1 + 4). Suppose u*q - y - 171 = -q, -2*q - 5*y = -90. What is the units digit of q?
5
Suppose 2*w + 4*j - 90 = 0, -5*w + 102 = 4*j - 141. Suppose -4*o + 3*m = -636, -3*o + 2*m - w = -527. What is the hundreds digit of o?
1
Let j be (-2)/(-9) + 275/99. What is the tens digit of j/6 - 308/(-8)?
3
Let k(r) = -3 + r**2 + 3 + 4 + 4. Let b be 14/3*(-12)/8. What is the units digit of k(b)?
7
Let l(r) = 3*r**2 - 2*r - 4. Let s be l(-2). Suppose 495 = -s*i + 7*i. Let u = -27 - i. What is the tens digit of u?
7
Suppose -2*v + 22 = 4*z, v + 3*z = -2*v + 24. Let p(s) = -5*s + 6. Let b(j) = -j**2 - 25*j + 30. Let w(k) = -2*b(k) + 11*p(k). What is the tens digit of w(v)?
3
Suppose -13*g + 2886 = 5*i - 14*g, -2894 = -5*i - g. What is the units digit of i?
8
Suppose 6*d - 768 = 5*d. Suppose -2*s + 3*s - 3*p = 185, d = 4*s + 2*p. What is the hundreds digit of s?
1
Suppose -3*z + 6 + 29 = 5*t, 0 = -2*z + t + 6. Suppose 0*b = o - 2*b - 24, 120 = 5*o + z*b. What is the units digit of o?
4
Let b be (4*3/12)/(3/6). Suppose 119 + 205 = b*q. What is the tens digit of q?
6
Let d(a) = -260*a - 23. What is the hundreds digit of d(-2)?
4
Let j = -2159 - -2750. What is the tens digit of j?
9
Suppose v + 4*t - 285 = 8*t, 3*v - 935 = -4*t. What is the units digit of v?
5
Let q be 8/(-12) + 40/(-12). What is the units digit of 34/(-17)*q/2?
4
Suppose -43 + 115 = 2*y. Let u = -4 + 9. Suppose -x = -u*x + y. What is the units digit of x?
9
Let z